ivide 3794326?
False
Is 5878357 a multiple of 1061?
False
Does 30 divide 51270?
True
Is 10 a factor of 435041?
False
Is 121338 a multiple of 6?
True
Does 16 divide 1250406?
False
Is 25 a factor of 192675?
True
Is 39 a factor of 2379155?
False
Is 2 a factor of 566?
True
Is 6 a factor of 280183?
False
Is 99575 a multiple of 226?
False
Is 27525 a multiple of 5?
True
Is 10478048 a multiple of 232?
True
Is 9 a factor of 1056771?
True
Is 33548 a multiple of 191?
False
Is 1636352 a multiple of 272?
True
Is 355 a factor of 312482?
False
Does 26 divide 1268?
False
Is 29 a factor of 59189?
True
Does 5 divide 690285?
True
Is 463424 a multiple of 13?
True
Is 45064 a multiple of 84?
False
Is 5 a factor of 405275?
True
Does 62 divide 203627?
False
Is 890683 a multiple of 349?
False
Does 30 divide 13130850?
True
Is 14 a factor of 7121896?
False
Does 655 divide 738662?
False
Is 5 a factor of 15445?
True
Does 576 divide 232128?
True
Is 36 a factor of 2689444?
False
Is 53140 a multiple of 288?
False
Is 191 a factor of 271602?
True
Does 10 divide 87730?
True
Is 438 a factor of 1860186?
True
Is 9 a factor of 82961?
False
Is 35971 a multiple of 2?
False
Is 288687 a multiple of 413?
True
Is 19 a factor of 379221?
True
Is 141805 a multiple of 39?
False
Does 24 divide 148116?
False
Is 482 a factor of 4003879?
False
Is 6773903 a multiple of 1417?
False
Is 291 a factor of 15134910?
True
Is 123 a factor of 651162?
True
Is 13421 a multiple of 2?
False
Is 23083 a multiple of 7?
False
Does 30 divide 1266680?
False
Is 7687500 a multiple of 123?
True
Is 76 a factor of 1185980?
True
Is 2438688 a multiple of 133?
True
Is 274265 a multiple of 11?
False
Is 261648 a multiple of 237?
True
Does 50 divide 177232?
False
Is 13 a factor of 6449712?
False
Does 1065 divide 1691086?
False
Is 12 a factor of 1653480?
True
Does 21 divide 1072092?
True
Is 628139 a multiple of 41?
False
Is 29709 a multiple of 73?
False
Is 1417 a factor of 6389596?
False
Does 9 divide 268438?
False
Does 69 divide 389089?
False
Does 32 divide 4687357?
False
Is 816566 even?
True
Is 1406436 a multiple of 24?
False
Is 16781 a multiple of 68?
False
Is 206 a multiple of 9?
False
Is 9 a factor of 240488?
False
Is 52 a factor of 102804?
True
Is 98728 a multiple of 574?
True
Is 5422878 a multiple of 7?
False
Is 54621 a multiple of 9?
True
Is 3 a factor of 213342?
True
Is 4 a factor of 73846?
False
Does 790 divide 1632140?
True
Does 243 divide 495234?
True
Does 5 divide 80495?
True
Is 96 a factor of 2209728?
True
Is 13 a factor of 1010325?
False
Is 132781 a multiple of 36?
False
Is 1285106 a multiple of 87?
False
Is 3 a factor of 235998?
True
Is 27 a factor of 3978045?
True
Is 6547006 a multiple of 9?
False
Is 207220 a multiple of 354?
False
Does 11 divide 139788?
True
Does 10 divide 9490?
True
Is 5033 a multiple of 54?
False
Is 152 a factor of 698392?
False
Is 267804 a multiple of 18?
True
Is 138 a factor of 533605?
False
Does 14 divide 17458?
True
Does 18 divide 65316?
False
Is 162 a factor of 4143960?
True
Is 2630025 a multiple of 5?
True
Does 56 divide 4053337?
False
Is 13 a factor of 1378140?
False
Does 417 divide 5072462?
False
Does 26 divide 134524?
True
Is 534280 a multiple of 74?
True
Is 99 a factor of 15385?
False
Is 218 a factor of 2363209?
False
Does 12 divide 157000?
False
Is 5 a factor of 113690?
True
Is 404 a factor of 89819?
False
Is 432 a factor of 1486080?
True
Is 513 a factor of 272115?
False
Does 132 divide 223212?
True
Is 12932 a multiple of 12?
False
Is 1596210 a multiple of 15?
True
Is 11 a factor of 161249?
True
Is 34 a factor of 5139363?
False
Is 313820 a multiple of 26?
True
Does 74 divide 7319488?
True
Does 74 divide 7067002?
False
Is 404819 even?
False
Is 263581 a multiple of 8?
False
Does 14 divide 7498642?
False
Does 100 divide 390400?
True
Does 5 divide 812969?
False
Does 40 divide 476290?
False
Does 1441 divide 13512338?
False
Is 385 a factor of 2791491?
False
Does 189 divide 254394?
True
Does 436 divide 129928?
True
Is 635080 a multiple of 20?
True
Does 358 divide 1830096?
True
Is 9177383 a multiple of 24?
False
Does 26 divide 602038?
False
Does 75 divide 174679?
False
Does 4 divide 704982?
False
Is 532 a factor of 635208?
True
Does 26 divide 515424?
True
Is 5598287 a multiple of 475?
False
Is 543143 a multiple of 5?
False
Does 698 divide 11970700?
True
Is 1554736 a multiple of 31?
False
Does 10 divide 78370?
True
Does 57 divide 1164681?
True
Is 10 a factor of 512957?
False
Is 4 a factor of 55600?
True
Is 15 a factor of 149708?
False
Does 700 divide 1662500?
True
Is 46 a factor of 1318230?
False
Does 224 divide 11678687?
False
Does 152 divide 50768?
True
Is 5 a factor of 409435?
True
Is 225741 a multiple of 20?
False
Does 1094 divide 2003905?
False
Is 13 a factor of 34349?
False
Is 33048 even?
True
Is 1725616 a multiple of 38?
False
Is 673 a factor of 1544903?
False
Is 335804 a multiple of 28?
True
Is 677502 a multiple of 38?
True
Is 25 a factor of 1935075?
True
Is 31 a factor of 9302170?
True
Is 4 a factor of 58244?
True
Is 1514672 a multiple of 183?
False
Does 139 divide 476492?
True
Is 2281980 a multiple of 730?
True
Does 208 divide 2945439?
False
Is 230463 a multiple of 58?
False
Is 879042 even?
True
Is 38 a factor of 630078?
True
Does 317 divide 3262057?
False
Is 562676 a multiple of 163?
True
Does 21 divide 197085?
True
Is 3435010 a multiple of 19?
True
Is 180393 a multiple of 61?
False
Is 3418816 a multiple of 16?
True
Is 58 a factor of 181482?
True
Is 5072278 a multiple of 19?
True
Is 111 a factor of 192757?
False
Is 21 a factor of 15431472?
True
Is 8355 a multiple of 312?
False
Is 22 a factor of 1704208?
True
Is 26 a factor of 1446224?
True
Does 92 divide 2735013?
False
Is 4281794 a multiple of 13?
False
Is 220 a factor of 1045000?
True
Does 233 divide 13281?
True
Does 15 divide 7940221?
False
Does 440 divide 5697560?
True
Is 301392 a multiple of 56?
True
Does 40 divide 49750?
False
Does 1030 divide 18200629?
False
Is 577234 a multiple of 39?
False
Does 5 divide 2010?
True
Is 27 a factor of 2796726?
False
Is 15 a factor of 3334845?
True
Does 2 divide 2516?
True
Is 11 a factor of 17798?
True
Does 904 divide 1032573?
False
Is 170 a factor of 4275670?
True
Does 6 divide 51228?
True
Is 166 a factor of 3158150?
True
Does 7 divide 2505286?
True
Does 5 divide 63255?
True
Does 16 divide 68469?
False
Is 185201 a multiple of 59?
True
Does 9 divide 4006674?
True
Is 119935 a multiple of 7?
False
Does 6 divide 3572871?
False
Is 8 a factor of 3006184?
True
Is 4465436 a multiple of 526?
False
Is 250 a factor of 51276?
False
Does 14 divide 1518427?
False
Is 75 a factor of 72525?
True
Is 122801 a multiple of 53?
True
Is 201500 a multiple of 52?
True
Does 281 divide 207659?
True
Is 1618844 a multiple of 35?
False
Is 36 a factor of 17930807?
False
Does 595 divide 463485?
False
Is 7 a factor of 3710?
True
Is 24 a factor of 13550?
False
Is 281271 a multiple of 61?
True
Does 173 divide 238221?
True
Is 238 a factor of 72638?
False
Is 7157 a multiple of 331?
False
Does 355 divide 1456210?
True
Is 213665 a multiple of 283?
True
Does 26 divide 464204?
True
Is 313680 a multiple of 15?
True
Is 1245266 a multiple of 253?
True
Does 266 divide 13176044?
True
Does 20 divide 202473?
False
Is 80 a factor of 598160?
True
Is 51 a factor of 60965?
False
Does 6 divide 7395318?
True
Is 16 a factor of 1270419?
False
Is 88754 a multiple of 238?
False
Does 8 divide 105008?
True
Does 9 divide 306261?
True
Does 604 divide 11506?
False
Does 15 divide 243690?
True
Is 19 a factor of 3435732?
True
Is 8 a factor of 184227?
False
Is 5 a factor of 142798?
False
Does 376 divide 184724?
False
Is 9487184 a multiple of 1105?
False
Is 172245 a multiple of 291?
False
Is 2359917 a multiple of 403?
False
Is 277765 a multiple of 16?
False
Is 24316704 a multiple of 12?
True
Is 20898135 a multiple of 53?
False
Does 54 divide 447498?
True
Does 52 divide 259428?
True
Does 113 divide 82755?
False
Is 3 a factor of 376?
False
Is 30 a factor of 22450590?
True
Is 219652 a multiple of 38?
False
Does 342 divide 7015788?
True
Does 877 divide 1661038?
True
Is 12951 a multiple of 5?
False
Does 6 divide 45888?
True
Does 295 divide 500134?
False
Is 12 a factor of 1146132?
True
Is 4610391 a multiple of 34?
False
Does 5 divide 3556980?
True
Is 1376790